0 = 0, -k + c*k - 723 = -5*f. What is the hundreds digit of f?
1
Suppose 19 = c + 17. Suppose -5*v = 3*q - 447, c*v - 154 = 3*q + 2*q. What is the units digit of v?
7
What is the ten thousands digit of 60/((-35)/(305305/(-26)))?
2
Let r be 5 + (-5 + 2)*1. Let w(a) = 7*a**r - 8*a**2 + 166 + 5*a - 4*a. What is the hundreds digit of w(0)?
1
Suppose 5*l - 19384 = -3*k, 0 = -5*l - 4*k + 22315 - 2928. What is the units digit of l?
5
Let a = -54 + 51. Let y be 91/a - (-1)/(-9)*-3. Let w = 37 + y. What is the units digit of w?
7
Suppose -270*r + 262*r + 40 = 0. Suppose 0 = w + r, 3*c - 2198 = 11*w - 7*w. What is the tens digit of c?
2
Let f(g) = 2*g**3 + 2*g**2 + 22. Let j(i) = 3*i - 99. Let r be j(35). What is the units digit of f(r)?
6
Suppose 22*r + 756 = 26*r. Let g = r + -8. What is the tens digit of g?
8
Let x(k) = 118*k - 923. What is the tens digit of x(71)?
5
Suppose 14*v - 123 = -67. What is the tens digit of v/((-8)/11)*-2*3?
3
Let n(o) = -o**3 + 4*o**2 + 7*o + 3. Let p be n(5). Suppose a + 5112 = p*a. What is the units digit of a?
6
What is the ten thousands digit of ((-3826)/(-46 + 47))/(0 + (-2)/26)?
4
Let f(h) = -31*h - 128. Let d be f(-4). Let s(v) = -6*v + 2 + 8 - 4. What is the tens digit of s(d)?
3
Let c(o) = 13*o - 48. Let x be 7/((-14)/(-12))*(-16)/(-24). Let g be c(x). Suppose -418 = -g*l + 126. What is the units digit of l?
6
Let o = -645 - -407. Let k = o + 600. What is the units digit of k?
2
Let i(c) = c**3 + 22*c**2 + 26 + 4*c**3 + 41*c - 3*c**3 - 3*c**3 + 5. What is the hundreds digit of i(22)?
9
Let g(y) = -22*y - 109. Let p(f) = -49*f + 35. Let q be p(1). What is the units digit of g(q)?
9
Let p(t) = -t**2 - 9*t + 10. Let n be p(-8). What is the tens digit of (12/(-9))/(n/(-243))?
1
Let k(a) be the third derivative of 371*a**5/60 - 7*a**4/12 - 5*a**3/6 - 129*a**2. What is the units digit of k(2)?
1
Let z(r) = 64*r - 15. Suppose 5 = -f, 5*n - 14 + 4 = -3*f. What is the tens digit of z(n)?
0
Suppose 4*s + 13*s - 235224 = -5*s. What is the tens digit of s?
9
Let v(i) = -i**3 - 7*i**2 - 7*i - 44. Let w be v(-7). Suppose 75*f = 80*f - w*p - 2865, -3*f + p + 1725 = 0. What is the tens digit of f?
7
Suppose 5143 - 178 = w - 5*n, -n - 4949 = -w. Suppose -13*q = w - 19583. What is the hundreds digit of q?
1
Let b = -71 - -75. Suppose 7*w - b*o = 4*w + 1625, 4*o = -4*w + 2120. What is the tens digit of w?
3
Let l be -4*(-2)/(-4)*1. Let p(k) = -25*k**3 + k**2 - 3*k - 4. Let j be p(l). Let q = -104 + j. What is the hundreds digit of q?
1
Let s be (-6)/(-15)*45/(-9). What is the tens digit of 0 - (-951)/s*30/(-45)?
1
Let o be ((-12)/10)/((-18)/(-420)). Let u be ((-20)/o)/((-2)/(-14)). Suppose t + 2*t = -2*j + 153, 0 = j + u*t - 87. What is the tens digit of j?
7
Let a be ((-2)/(-4))/(8/(-128)*4). What is the units digit of (-769)/a + 5/(-2) + 4?
6
Suppose -3*k + 17 = 5. What is the units digit of k/((-4)/(-639))*3/9?
3
Let s(q) = -195*q**3 - 36*q**2 + 17*q + 45. What is the thousands digit of s(-4)?
1
Let z(j) = -j**3 + 6*j**2 + 5*j + 17. Let m be z(7). Suppose 2*w = -c + 144, -w - m = -c - 81. Let t = w - -7. What is the units digit of t?
1
Let x be -1*2*(15/(-2) + 3). What is the units digit of (x/2 - 3)*12456/27?
2
Suppose -4*u - 40 = 4*c, 0*c + 3*u - 19 = 4*c. What is the units digit of 4 + (2340/6 - c)?
1
Suppose -443*n = -428*n - 616365. What is the tens digit of n?
9
Suppose -5787 = -19*q + 16272. What is the units digit of q?
1
Let r = 43 + -39. Suppose -l = r*d - 2121, 2*d + 2*l - 2652 = -3*d. What is the tens digit of d?
3
Let o(w) = -12 + 1 + 6*w - 5*w**2 - w**3 + 3*w**3. Let l be o(5). Suppose -l = 9*y - 11*y. What is the tens digit of y?
7
Suppose -349*g = -551*g + 11930726. What is the units digit of g?
3
Suppose 25*b - 18*b - 14217 = 11795. What is the units digit of b?
6
Let m be (8/10)/((-2)/(-50)). Suppose -20 = 5*o - m. Suppose -16*p + 15*p + 11 = o. What is the tens digit of p?
1
Let o(f) = 74*f - 212. Let q be o(-6). Let x = q - -731. What is the tens digit of x?
7
Let q(r) = -6*r - 33. Let u be q(-6). Suppose u*l + 5*j + 76 = 0, l - 2*j + 3*j = -24. Let x = -16 - l. What is the units digit of x?
6
Let o = -315 - -457. Let c be (-26)/(-14) + (-4)/(-28). Suppose 4*f + d - 207 = 55, -c*f = -5*d - o. What is the units digit of f?
6
Let k(w) be the second derivative of 2/3*w**4 + 5*w**2 + 0 - 5/6*w**3 - 23*w + 1/20*w**5. What is the hundreds digit of k(-5)?
1
Suppose j = -3*d + 65645, -35*d - 109406 = -40*d - 2*j. What is the ten thousands digit of d?
2
Let x(a) = 100*a - 17. Let u be x(15). Let w = -900 + u. What is the units digit of w?
3
Suppose 0 = -2*d + 245 + 135. Let p = 382 - d. Suppose -n + p = 3*z, 0 = 4*z + 4*n - 9*n - 256. What is the units digit of z?
4
What is the units digit of 4399 - (((-532)/21)/(-19))/((-4)/18)?
5
What is the hundreds digit of (29*4/(-6))/((-3)/54)?
3
Suppose -146*x + 105238 = -131282. What is the tens digit of x?
2
Suppose -11*t - 2122 = -87*t + 88318. What is the units digit of t?
0
Let w(u) = -u - 9. Let q be w(-15). What is the hundreds digit of (-9*q)/(13/(-117))?
4
Suppose 0 = 13*n - 4100 - 3804. What is the tens digit of n?
0
Let h(w) be the second derivative of -11*w**3/6 + 311*w**2 + 45*w + 1. What is the hundreds digit of h(0)?
6
Let c(h) = h**3 + 4*h**2 + 2*h - 6. Let u be c(-6). What is the units digit of 3/3 + u/(-2 - -1)?
1
Suppose 0 = 19*s - 206 - 763. What is the hundreds digit of 8217/s + 10/(-85)?
1
Suppose -4*g + 2 = 2*h - 0*h, -5*g + 3*h + 30 = 0. Suppose -24*p + 25*p = -3*v + 71, -v + 37 = g*p. What is the units digit of v?
2
Suppose 357680 = -59*h + 2390289. What is the ten thousands digit of h?
3
Let x = 111 - 107. Suppose o + 1 + 3 = 0, x*n + o = -16. What is the hundreds digit of 12*9 + n - 4?
1
Let d = -505 + 66. Let z = 924 + d. What is the tens digit of z?
8
Let n(l) = l**3 + 7*l**2 - 7*l - 13. Let g be n(-7). Suppose 0 = 39*q - g*q + 6. Let o(b) = -23*b**3 + 9. What is the hundreds digit of o(q)?
1
Let c = 397 - 276. Suppose -125*p + c*p = 16. Let u(v) = -5*v**3 - 5*v**2 - 4*v + 8. What is the hundreds digit of u(p)?
2
What is the hundreds digit of ((-210)/189)/((-4)/1692)?
4
Let p be 1*-3 + 12 + -6. Suppose -306 - 84 = -p*f. What is the tens digit of f?
3
Suppose 0 = 17*q + 18311 - 59638. Let v = -821 + q. What is the thousands digit of v?
1
Let s = 24 + -24. Suppose s = -7*u + 3*u + 36. Suppose u + 45 = v. What is the tens digit of v?
5
Let m(l) = 3*l + 2*l**2 + 4 + 13*l - 1 + 7*l**2 + 26. What is the tens digit of m(-3)?
6
What is the ten thousands digit of (-368584)/20*(-515)/206?
4
Let u = -282 - 49. Let p = u + 861. What is the hundreds digit of p?
5
Let y(x) = 87*x + 1. Let w = 77 - 72. Suppose -n + 5*b = -16, 3*n = -5*b - 7 - w. What is the units digit of y(n)?
8
Let o = 81 + -131. Let i = o + 10. What is the units digit of (-16 - 0)/(8/i)?
0
Let u = 147 + 99. Let p = -76 + u. What is the units digit of p?
0
Let b be (-13 - -27)/(2/11). Let v = -35 - b. Let t = v + 152. What is the tens digit of t?
4
Suppose 4*q - 3495 = l - 4*l, 2*l = -5*q + 4374. Let o = q + -570. What is the hundreds digit of o?
3
Let u be ((-920)/50)/(14/(-10) - -1). Let w(r) = 96*r - r**3 + 2*r**2 - u*r - 5 - 3 - 44*r. What is the tens digit of w(-4)?
6
Let f = 18 - 88. Let o = -74 + 9. Let y = o - f. What is the units digit of y?
5
Let i(p) = -p**3 + p**2 - p + 12. Let v be i(4). Suppose 5*a = -3*l - 414, -3*a - 244 = -3*l + 7*l. What is the tens digit of 6*7/(a/v)?
2
Let n be (-1 - -3)*(13 + 0/(-4)). Let b(k) = -n + 16 + 2*k**2 - k**2 - 5*k. What is the units digit of b(-8)?
4
Let s(i) = 44*i**3 - 3*i**2 + 19*i - 1. What is the hundreds digit of s(5)?
5
Suppose -5*l + 6 = -14. Suppose -7*w + 12 = -l*w. What is the units digit of 23 + -1 + 1 + w?
7
Suppose -2*t = -4*m - 30, -4*m + 5*t - 33 = -0. Let i be m/(28/(-6)) - (-2)/4. Suppose -5*p - 3*s = -i*s - 526, -4*p = s - 421. What is the units digit of p?
5
Let z = 114 - 90. Suppose -16*v = -z*v + 3024. What is the hundreds digit of v?
3
Let t(o) = -o**2 - 5*o - 1. Let r be t(-3). Let s(a) = -7 - 3 - 16*a**2 + a**3 + 4*a - 7*a**2 - 7 + 27*a**2. What is the tens digit of s(r)?
2
Suppose 2*q = 6*q - c - 4300, 4*q - 3*c - 4292 = 0. Suppose 9*b + 302 = q. Suppose o = 4*p - 366, p - 7*o + 4*o = b. What is the tens digit of p?
